{"id":199,"date":"2020-05-10T18:59:20","date_gmt":"2020-05-10T16:59:20","guid":{"rendered":"http:\/\/www.eaubleue-amor.info\/?page_id=199"},"modified":"2024-10-10T21:08:45","modified_gmt":"2024-10-10T19:08:45","slug":"le-prophete-mikal","status":"publish","type":"page","link":"https:\/\/www.eaubleue-lorient.info\/index.php\/le-prophete-mikal\/","title":{"rendered":"Le proph\u00e8te Mikal"},"content":{"rendered":"\t\t<div data-elementor-type=\"wp-page\" data-elementor-id=\"199\" class=\"elementor elementor-199\" data-elementor-settings=\"[]\">\n\t\t\t\t\t\t<div class=\"elementor-inner\">\n\t\t\t\t\t\t\t<div class=\"elementor-section-wrap\">\n\t\t\t\t\t\t\t<section class=\"elementor-section elementor-top-section elementor-element elementor-element-7754de57 elementor-section-boxed elementor-section-height-default elementor-section-height-default\" data-id=\"7754de57\" data-element_type=\"section\">\n\t\t\t\t\t\t<div class=\"elementor-container elementor-column-gap-default\">\n\t\t\t\t\t\t\t<div class=\"elementor-row\">\n\t\t\t\t\t<div class=\"elementor-column elementor-col-100 elementor-top-column elementor-element elementor-element-43aa80a5\" data-id=\"43aa80a5\" data-element_type=\"column\">\n\t\t\t<div class=\"elementor-column-wrap elementor-element-populated\">\n\t\t\t\t\t\t\t<div class=\"elementor-widget-wrap\">\n\t\t\t\t\t\t<div class=\"elementor-element elementor-element-62678326 elementor-widget elementor-widget-text-editor\" data-id=\"62678326\" data-element_type=\"widget\" data-widget_type=\"text-editor.default\">\n\t\t\t\t<div class=\"elementor-widget-container\">\n\t\t\t\t\t<div class=\"elementor-text-editor elementor-clearfix\"><p><!-- wp:paragraph --><\/p>\n<p><strong>Michel Potay un proph\u00e8te du XXI i\u00e8me si\u00e8cle: <\/strong><\/p>\n<p><!-- \/wp:paragraph --><\/p>\n<p><!-- wp:media-text {\"mediaId\":270,\"mediaType\":\"image\",\"mediaWidth\":37} --><\/p>\n<div class=\"wp-block-media-text alignwide is-stacked-on-mobile\" style=\"grid-template-columns: 37% auto;\">\n<figure class=\"wp-block-media-text__media\"><img loading=\"lazy\" width=\"315\" height=\"450\" class=\"wp-image-270\" src=\"http:\/\/www.eaubleue-amor.info\/wp-content\/uploads\/2020\/05\/michel-potay-temoin-ares1.jpg\" alt=\"\" srcset=\"https:\/\/www.eaubleue-lorient.info\/wp-content\/uploads\/2020\/05\/michel-potay-temoin-ares1.jpg 315w, https:\/\/www.eaubleue-lorient.info\/wp-content\/uploads\/2020\/05\/michel-potay-temoin-ares1-210x300.jpg 210w\" sizes=\"(max-width: 315px) 100vw, 315px\" \/><\/figure>\n<div class=\"wp-block-media-text__content\">\n<p><!-- wp:paragraph --><\/p>\n<p>T\u00e9moin direct de Dieu, Michel Potay est donc proph\u00e8te. Comme tout proph\u00e8te, il va consacrer sa vie \u00e0 diffuser le Message qu\u2019il a re\u00e7u, \u00e0 veiller \u00e0 sa bonne compr\u00e9hension par son enseignement et \u00e0 rassembler le petit reste . Avec Le Signe, le Cr\u00e9ateur fait de chaque \u00eatre humain le ma\u00eetre absolu de son destin.<\/p>\n<p><!-- \/wp:paragraph --><\/p>\n<\/div>\n<\/div>\n<p><!-- \/wp:media-text --><\/p>\n<p><!-- wp:paragraph --><\/p>\n<p>Michel Potay \u00e0 la suite d\u2019Abraham, Mo\u00efse, J\u00e9sus et Mahomet Michel est donc un proph\u00e8te contemporain . Il ne commande personne, mais guide et montre la voie du changement, il exhorte \u00e0 la p\u00e9nitence (36\/17), si importante dans Le Signe. La p\u00e9nitence consiste \u00e0 s\u2019abstenir de faire le mal (mensonge, \u00e9go\u00efsme, vol, violence, etc.) pour faire le bien (amour, pardon, paix, lib\u00e9ration de tous pr\u00e9jug\u00e9s et respect de la libert\u00e9 d\u2019autrui, acquisition de l\u2019intelligence spirituelle ou intelligence du c\u0153ur). Le proph\u00e8te a pour mission de rassembler le petit reste (24\/1), c\u2019est-\u00e0-dire les hommes et les femmes qui accepteront librement de g\u00e9n\u00e9rations en g\u00e9n\u00e9rations d\u2019accomplir la Parole et de devenir des personnes de bien, des p\u00e9nitents, ainsi que des moissonneurs (ceux qui chercheront \u00e0 leur tour d\u2019autres p\u00e9nitents).<\/p>\n<p><!-- \/wp:paragraph --><\/p>\n<p><!-- wp:image {\"align\":\"right\",\"id\":274,\"width\":299,\"height\":427,\"sizeSlug\":\"large\"} --><\/p>\n<div class=\"wp-block-image\">\n<figure class=\"alignright size-large is-resized\"><img loading=\"lazy\" class=\"wp-image-274\" src=\"http:\/\/www.eaubleue-amor.info\/wp-content\/uploads\/2020\/05\/michel-potay-au-travail.jpg\" alt=\"\" width=\"299\" height=\"427\" srcset=\"https:\/\/www.eaubleue-lorient.info\/wp-content\/uploads\/2020\/05\/michel-potay-au-travail.jpg 315w, https:\/\/www.eaubleue-lorient.info\/wp-content\/uploads\/2020\/05\/michel-potay-au-travail-210x300.jpg 210w\" sizes=\"(max-width: 299px) 100vw, 299px\" \/><\/figure>\n<\/div>\n<p><!-- \/wp:image --><\/p>\n<p><!-- wp:paragraph --><\/p>\n<p><strong>Le Fr\u00e8re Michel n\u2019est pas un chef<\/strong>.\u00a0<\/p>\n<p>Le Signe pr\u00e9vient \u00e0 plusieurs reprises son t\u00e9moin, et par l\u00e0 toutes les personnes qui le suivent et s\u2019engagent dans la voie du bien : Tu ne seras le chef de personne (16\/1). On t\u2019appellera pour prendre tes conseils, non pas pour prendre tes ordres (16\/2). Pourquoi cette insistance ? Parce que toute soci\u00e9t\u00e9 aspirant \u00e0 vaincre totalement le mal et \u00e0 installer le bien, doit \u00eatre libre de tout pouvoir quel qu\u2019il soit. La libert\u00e9, qui se situe au-del\u00e0 des libert\u00e9s de pens\u00e9e, politiques, sociales, etc., est infiniment moins dangereuse que les lois de masse. La libert\u00e9 totale, ou absolue, est le fait d\u2019\u00eatre libre de tous pr\u00e9jug\u00e9s et de la domination des id\u00e9es g\u00e9n\u00e9rales, ce qui entra\u00eene par voie de cons\u00e9quence d\u2019autres types de libert\u00e9s : civique, politique, religieuse, etc\u2026<\/p>\n<p><!-- \/wp:paragraph --><\/p>\n<p><!-- wp:paragraph --><\/p>\n<p><strong>Ses \u00e9crits\u00a0: <\/strong><\/p>\n<p><!-- \/wp:paragraph --><\/p>\n<p><!-- wp:paragraph --><\/p>\n<p><strong>Les p\u00e8lerins d\u2019Ar\u00e8s<\/strong>\u00a0: \u00ab\u00a0<a href=\"http:\/\/www.adira.net\/ecrits_de_michel_potay.php\" target=\"_blank\" rel=\"noreferrer noopener\">Et ce que tu auras \u00e9crit<\/a>\u00a0\u00bb (33\/10)<\/p>\n<p><!-- \/wp:paragraph --><\/p>\n<p><!-- wp:paragraph --><\/p>\n<p>Le Fr\u00e8re Michel n\u2019a jamais cess\u00e9 de diffuser La R\u00e9v\u00e9lation d\u2019Ar\u00e8s d\u00e9sormais appel\u00e9 &#8220;Le Signe&#8221; (voir : <a href=\"http:\/\/www.revelation-ares.info\/la-revelation-d-ares\/ou-la-trouver.html\" target=\"_blank\" rel=\"noreferrer noopener\">O\u00f9 la trouver ?<\/a>). Parall\u00e8lement, par le biais d\u2019une s\u00e9rie de livres intitul\u00e9s\u00a0\u00ab\u00a0Et ce que tu auras \u00e9crit\u00a0\u00bb (33\/10),\u00a0le t\u00e9moin s\u2019adresse aux P\u00e8lerins d\u2019Ar\u00e8s ainsi qu\u2019\u00e0 tous ceux, croyants et incroyants humanistes, qui sont sensibles aux id\u00e9es et \u00e0 l\u2019esp\u00e9rance du message ar\u00e9sien. Dans ces ouvrages, fr\u00e8re Michel \u00e9voque des sujets fondamentaux et divers comme l\u2019amour \u00e9vang\u00e9lique, l\u2019amour du couple, la libert\u00e9, la vertu, etc., qui d\u00e9passent le domaine de la foi pure pour consid\u00e9rer l\u2019homme et le monde en g\u00e9n\u00e9ral (voir le site\u00a0<a href=\"http:\/\/www.adira.net\/\" target=\"_blank\" rel=\"noreferrer noopener\">Adira<\/a>).<\/p>\n<p><!-- \/wp:paragraph --><\/p>\n<p><!-- wp:image {\"align\":\"center\",\"id\":92,\"linkDestination\":\"custom\"} --><\/p>\n<div class=\"wp-block-image\">\n<figure class=\"aligncenter\"><a href=\"http:\/\/michelpotayblog.net\/index.html\" target=\"_blank\" rel=\"noopener noreferrer\"><img loading=\"lazy\" width=\"512\" height=\"82\" class=\"wp-image-92\" src=\"http:\/\/www.eaubleue-amor.info\/wp-content\/uploads\/2020\/05\/MP-blog.png\" alt=\"\" srcset=\"https:\/\/www.eaubleue-lorient.info\/wp-content\/uploads\/2020\/05\/MP-blog.png 512w, https:\/\/www.eaubleue-lorient.info\/wp-content\/uploads\/2020\/05\/MP-blog-300x48.png 300w\" sizes=\"(max-width: 512px) 100vw, 512px\" \/><\/a><\/figure>\n<\/div>\n<p><!-- \/wp:image --><\/p>\n<p><!-- wp:paragraph --><\/p>\n<p>Blog sur internet au travers duquel le fr\u00e8re Michel partage son enseignement avec tous et r\u00e9ponds aux diff\u00e9rents commentaires. Ce blog est bilingue, les entr\u00e9es sont \u00e9galement traduite en anglais.Dans son blog , Michel Potay note ce que l\u2019actualit\u00e9 du monde ou de la fraternit\u00e9 ar\u00e9sienne, la vie spirituelle ou seulement ses pens\u00e9es lui inspirent. Les lecteurs peuvent lui r\u00e9pondre ou le commenter. Le fr\u00e8re Michel s\u2019est fait une r\u00e8gle de s\u2019exprimer avec bont\u00e9, mesure, amour, pardon, paix, libert\u00e9 ainsi qu\u2019avec beaut\u00e9 et intelligence spirituelles autant qu\u2019il soit possible pour un homme de cette g\u00e9n\u00e9ration rong\u00e9e par le d\u00e9nigrement et la m\u00e9chancet\u00e9. La bienveillance n\u2019est pas morale mais sagesse.<\/p>\n<p>Le faucon : signe du proph\u00e8te<\/p>\n<p><img loading=\"lazy\" class=\"alignnone size-full wp-image-678\" src=\"https:\/\/www.eaubleue-lorient.info\/wp-content\/uploads\/2020\/07\/faucon-pelerin.png\" alt=\"\" width=\"300\" height=\"300\" \/><\/p>\n<p><!-- \/wp:paragraph --><\/p>\n<p><!-- wp:paragraph --><\/p>\n<p><strong>Pour des compl\u00e9ments d\u2019informations\u00a0:<\/strong><\/p>\n<p><!-- \/wp:paragraph --><\/p>\n<p><!-- wp:paragraph --><\/p>\n<p><a href=\"https:\/\/www.adira.net\/fr\/les-ecrits-de-michel-potay\/\" target=\"_blank\" rel=\"noreferrer noopener\">https:\/\/www.adira.net\/ecrits_de_michel_potay.php\/<\/a><\/p>\n<p><!-- \/wp:paragraph --><\/p>\n<p><!-- wp:core-embed\/wordpress {\"url\":\"http:\/\/revelation-ares.paris\/le-frere-michel\/prophete-du-21e-siecle\/\",\"type\":\"wp-embed\",\"providerNameSlug\":\"polone\",\"className\":\"\"} --><\/p>\n<figure class=\"wp-block-embed-wordpress wp-block-embed is-type-wp-embed is-provider-polone\">\n<div class=\"wp-block-embed__wrapper\"><a href=\"http:\/\/revelation-ares.paris\/le-frere-michel\/prophete-du-21e-siecle\/\" target=\"_blank\" rel=\"noopener\">Revelation-ares.paris\/le-frere-michel\/prophete-du-21e-siecle\/<\/a><\/div>\n<\/figure>\n<div>T\u00e9moignages en vid\u00e9o: <a href=\"https:\/\/www.youtube.com\/channel\/UCdxToFTVYaxsTgYonbAOJhA\" target=\"_blank\" rel=\"noopener\">T\u00e9moignage du proph\u00e8te et autres<\/a>Le Signe<\/div>\n<p><!-- \/wp:core-embed\/wordpress --><\/p><\/div>\n\t\t\t\t<\/div>\n\t\t\t\t<\/div>\n\t\t\t\t\t\t<\/div>\n\t\t\t\t\t<\/div>\n\t\t<\/div>\n\t\t\t\t\t\t\t\t<\/div>\n\t\t\t\t\t<\/div>\n\t\t<\/section>\n\t\t\t\t\t\t<\/div>\n\t\t\t\t\t\t<\/div>\n\t\t\t\t\t<\/div>\n\t\t","protected":false},"excerpt":{"rendered":"<p>Michel Potay un proph\u00e8te du XXI i\u00e8me si\u00e8cle: T\u00e9moin direct de Dieu, Michel Potay est donc proph\u00e8te. Comme tout proph\u00e8te, il va consacrer sa vie \u00e0 diffuser le Message qu\u2019il a re\u00e7u, \u00e0 veiller \u00e0 sa bonne compr\u00e9hension par son enseignement et \u00e0 rassembler le petit reste . Avec Le Signe, le Cr\u00e9ateur fait de [&hellip;]<\/p>\n","protected":false},"author":1,"featured_media":0,"parent":0,"menu_order":0,"comment_status":"closed","ping_status":"closed","template":"","meta":[],"yoast_head":"<!-- This site is optimized with the Yoast SEO plugin v15.0 - https:\/\/yoast.com\/wordpress\/plugins\/seo\/ -->\n<meta name=\"robots\" content=\"index, follow, max-snippet:-1, max-image-preview:large, max-video-preview:-1\" \/>\n<link rel=\"canonical\" href=\"https:\/\/www.eaubleue-lorient.info\/index.php\/le-prophete-mikal\/\" \/>\n<meta property=\"og:locale\" content=\"fr_FR\" \/>\n<meta property=\"og:type\" content=\"article\" \/>\n<meta property=\"og:title\" content=\"Le proph\u00e8te Mikal - Eau Bleue Lorient\" \/>\n<meta property=\"og:description\" content=\"Michel Potay un proph\u00e8te du XXI i\u00e8me si\u00e8cle: T\u00e9moin direct de Dieu, Michel Potay est donc proph\u00e8te. Comme tout proph\u00e8te, il va consacrer sa vie \u00e0 diffuser le Message qu\u2019il a re\u00e7u, \u00e0 veiller \u00e0 sa bonne compr\u00e9hension par son enseignement et \u00e0 rassembler le petit reste . Avec Le Signe, le Cr\u00e9ateur fait de [&hellip;]\" \/>\n<meta property=\"og:url\" content=\"https:\/\/www.eaubleue-lorient.info\/index.php\/le-prophete-mikal\/\" \/>\n<meta property=\"og:site_name\" content=\"Eau Bleue Lorient\" \/>\n<meta property=\"article:modified_time\" content=\"2024-10-10T19:08:45+00:00\" \/>\n<meta property=\"og:image\" content=\"http:\/\/www.eaubleue-amor.info\/wp-content\/uploads\/2020\/05\/michel-potay-temoin-ares1.jpg\" \/>\n<meta name=\"twitter:card\" content=\"summary_large_image\" \/>\n<script type=\"application\/ld+json\" class=\"yoast-schema-graph\">{\"@context\":\"https:\/\/schema.org\",\"@graph\":[{\"@type\":\"WebSite\",\"@id\":\"https:\/\/www.eaubleue-lorient.info\/#website\",\"url\":\"https:\/\/www.eaubleue-lorient.info\/\",\"name\":\"Eau Bleue Lorient\",\"description\":\"\",\"potentialAction\":[{\"@type\":\"SearchAction\",\"target\":\"https:\/\/www.eaubleue-lorient.info\/?s={search_term_string}\",\"query-input\":\"required name=search_term_string\"}],\"inLanguage\":\"fr-FR\"},{\"@type\":\"ImageObject\",\"@id\":\"https:\/\/www.eaubleue-lorient.info\/index.php\/le-prophete-mikal\/#primaryimage\",\"inLanguage\":\"fr-FR\",\"url\":\"http:\/\/www.eaubleue-amor.info\/wp-content\/uploads\/2020\/05\/michel-potay-temoin-ares1.jpg\"},{\"@type\":\"WebPage\",\"@id\":\"https:\/\/www.eaubleue-lorient.info\/index.php\/le-prophete-mikal\/#webpage\",\"url\":\"https:\/\/www.eaubleue-lorient.info\/index.php\/le-prophete-mikal\/\",\"name\":\"Le proph\\u00e8te Mikal - Eau Bleue Lorient\",\"isPartOf\":{\"@id\":\"https:\/\/www.eaubleue-lorient.info\/#website\"},\"primaryImageOfPage\":{\"@id\":\"https:\/\/www.eaubleue-lorient.info\/index.php\/le-prophete-mikal\/#primaryimage\"},\"datePublished\":\"2020-05-10T16:59:20+00:00\",\"dateModified\":\"2024-10-10T19:08:45+00:00\",\"inLanguage\":\"fr-FR\",\"potentialAction\":[{\"@type\":\"ReadAction\",\"target\":[\"https:\/\/www.eaubleue-lorient.info\/index.php\/le-prophete-mikal\/\"]}]}]}<\/script>\n<!-- \/ Yoast SEO plugin. -->","_links":{"self":[{"href":"https:\/\/www.eaubleue-lorient.info\/index.php\/wp-json\/wp\/v2\/pages\/199"}],"collection":[{"href":"https:\/\/www.eaubleue-lorient.info\/index.php\/wp-json\/wp\/v2\/pages"}],"about":[{"href":"https:\/\/www.eaubleue-lorient.info\/index.php\/wp-json\/wp\/v2\/types\/page"}],"author":[{"embeddable":true,"href":"https:\/\/www.eaubleue-lorient.info\/index.php\/wp-json\/wp\/v2\/users\/1"}],"replies":[{"embeddable":true,"href":"https:\/\/www.eaubleue-lorient.info\/index.php\/wp-json\/wp\/v2\/comments?post=199"}],"version-history":[{"count":30,"href":"https:\/\/www.eaubleue-lorient.info\/index.php\/wp-json\/wp\/v2\/pages\/199\/revisions"}],"predecessor-version":[{"id":1208,"href":"https:\/\/www.eaubleue-lorient.info\/index.php\/wp-json\/wp\/v2\/pages\/199\/revisions\/1208"}],"wp:attachment":[{"href":"https:\/\/www.eaubleue-lorient.info\/index.php\/wp-json\/wp\/v2\/media?parent=199"}],"curies":[{"name":"wp","href":"https:\/\/api.w.org\/{rel}","templated":true}]}}