{"id":212,"date":"2020-05-10T19:24:48","date_gmt":"2020-05-10T17:24:48","guid":{"rendered":"http:\/\/www.eaubleue-amor.info\/?page_id=212"},"modified":"2024-10-10T21:13:32","modified_gmt":"2024-10-10T19:13:32","slug":"croyants-libres","status":"publish","type":"page","link":"https:\/\/www.eaubleue-lorient.info\/index.php\/croyants-libres\/","title":{"rendered":"Croyants libres"},"content":{"rendered":"\t\t<div data-elementor-type=\"wp-page\" data-elementor-id=\"212\" class=\"elementor elementor-212\" data-elementor-settings=\"[]\">\n\t\t\t\t\t\t<div class=\"elementor-inner\">\n\t\t\t\t\t\t\t<div class=\"elementor-section-wrap\">\n\t\t\t\t\t\t\t<section class=\"elementor-section elementor-top-section elementor-element elementor-element-5c603482 elementor-section-boxed elementor-section-height-default elementor-section-height-default\" data-id=\"5c603482\" data-element_type=\"section\">\n\t\t\t\t\t\t<div class=\"elementor-container elementor-column-gap-default\">\n\t\t\t\t\t\t\t<div class=\"elementor-row\">\n\t\t\t\t\t<div class=\"elementor-column elementor-col-100 elementor-top-column elementor-element elementor-element-2e5f9c30\" data-id=\"2e5f9c30\" data-element_type=\"column\">\n\t\t\t<div class=\"elementor-column-wrap elementor-element-populated\">\n\t\t\t\t\t\t\t<div class=\"elementor-widget-wrap\">\n\t\t\t\t\t\t<div class=\"elementor-element elementor-element-7b80a78 elementor-widget elementor-widget-text-editor\" data-id=\"7b80a78\" data-element_type=\"widget\" data-widget_type=\"text-editor.default\">\n\t\t\t\t<div class=\"elementor-widget-container\">\n\t\t\t\t\t<div class=\"elementor-text-editor elementor-clearfix\"><p><!-- wp:heading {\"level\":1} --><\/p>\n<h2>Les p\u00e8lerins d\u2019Ar\u00e8s<\/h2>\n<p><!-- \/wp:heading --><!-- wp:paragraph --><\/p>\n<p><!-- \/wp:paragraph --><!-- wp:paragraph --><\/p>\n<p>La V\u00e9rit\u00e9, c\u2019est que le monde doit changer (28\/7), dit <strong>Le Signe<\/strong>. A ce changement, un P\u00e8lerin d\u2019Ar\u00e8s apporte une contribution\u00a0 sp\u00e9cifique sous la forme d\u2019une action simultan\u00e9e sur soi et sur le monde : action sur soi par la <strong>p\u00e9nitence<\/strong>*, action sur le monde par la <strong>moisson<\/strong>*.<\/p>\n<p>*<em><strong>p\u00e9nitence<\/strong><\/em>: <em>n&#8217;a pas ici le sens de remord ou punition, mais c&#8217;est tout simplement l&#8217;effort d&#8217;aimer tous les humains, de pardonner toutes les offenses, de faire la paix , de se lib\u00e9rer des pr\u00e9jug\u00e9s et d&#8217;agir avec\u00a0 l&#8217;intelligence du coeur.<\/em><\/p>\n<p><em>*<strong>moisson<\/strong> : signifie la recherche des \u00e9pis m\u00fbrs, c&#8217;est \u00e0 dire des femmes et des hommes pr\u00eats \u00e0 devenir \u00e0 leur tour des p\u00e9nitents et des moissonneurs.\u00a0<\/em><\/p>\n<p><!-- \/wp:paragraph --><!-- wp:heading {\"level\":4} --><\/p>\n<h4>Un P\u00e8lerin d\u2019Ar\u00e8s a la m\u00eame vie quotidienne que n\u2019importe qui avec ses soucis, ses peines et ses joies, son travail, sa famille, etc.<\/h4>\n<p><!-- \/wp:heading --><!-- wp:paragraph --><\/p>\n<p>Un p\u00e8lerin d\u2019Ar\u00e8s est comme n\u2019importe lequel de ses fr\u00e8res humains, \u00e0\u00a0 \u00a0ce d\u00e9tail pr\u00e8s \u2014 qui fait toute la diff\u00e9rence \u2014 qu\u2019il apporte chaque jour sa contribution au changement du monde (Le Signe : 28\/7) en s\u2019inspirant du sens que donne\u00a0 \u00a0 <strong>Le Signe<\/strong> \u00e0 ce changement. Croyant libre et lib\u00e9rateur, existentialiste et humaniste, sa foi \u2013 dans le Cr\u00e9ateur comme dans sa cr\u00e9ature \u2013 est dynamique, \u00e9volutive et cr\u00e9atrice. Ainsi, il ne croit pas que la Parole fonde une religion. Au contraire, il voit dans la Parole un Appel \u00e0 la lib\u00e9ration spirituelle et donc lib\u00e9ration de l\u2019esprit\u00a0 de religion avec ses dogmes pr\u00e9tendus d\u00e9finitifs et ses cultes fixes et rigides. Il ne croit pas dans la capacit\u00e9 des syst\u00e8mes qui dominent et divisent \u2013 qu\u2019ils soient religieux, politiques, juridiques, id\u00e9ologiques \u2013 \u00e0 changer l\u2019humanit\u00e9 par l\u2019action de masse.<\/p>\n<p><!-- \/wp:paragraph --><!-- wp:heading {\"level\":4} --><\/p>\n<h4>Il ne se pr\u00e9tend pas sup\u00e9rieur aux autres croyants ou humanistes, et encore moins sauv\u00e9 par sa seule foi.<\/h4>\n<p><!-- \/wp:heading --><!-- wp:paragraph --><\/p>\n<p>Mais il croit dans la volont\u00e9 et les efforts pour se cr\u00e9er bon en chassant\u00a0 \u00a0le mal au fond de lui, en acqu\u00e9rant l\u2019amour, le pardon, la paix et en retrouvant l\u2019intelligence spirituelle, l\u2019intelligence du c\u0153ur associ\u00e9e \u00e0\u00a0 l\u2019intelligence intellectuelle. C\u2019est cela que <strong>Le Signe<\/strong> appelle <a href=\"http:\/\/revelation-ares.paris\/les-pelerins-d-ares\/une-anarchie-de-penitents\/\" target=\"_blank\" rel=\"noreferrer noopener\">p\u00e9nitence<\/a>. Il croit aussi dans sa capacit\u00e9 \u00e0 motiver d\u2019autres hommes \u00e0 r\u00e9veiller cette\u00a0Vie\u00a0en eux\u00a0: c\u2019est\u00a0la\u00a0Moisson. Il croit enfin \u00e0 l\u2019insurgeance qui consiste \u00e0 imaginer et mettre en \u0153uvre des actions collectives pacifiques visant\u00a0 \u00e0 faire pression sur les pouvoirs pour modifier l\u2019organisation de la soci\u00e9t\u00e9 et faciliter l\u2019infusion et la\u00a0<a href=\"http:\/\/revelation-ares.paris\/les-pelerins-d-ares\/apotres-de-la-bonte\/\" target=\"_blank\" rel=\"noreferrer noopener\">diffusion du\u00a0Bie<\/a>n (ex: Les PUCS :\u00a0<a href=\"https:\/\/pucs.eu\/\" target=\"_blank\" rel=\"noopener\">https:\/\/pucs.fr\/<\/a> ). Avec tous les autres P\u00e8lerins d\u2019Ar\u00e8s, il forme une fraternit\u00e9 sans structure, sans hi\u00e9rarchie ni chefs d\u2019aucune sorte, un petit reste qui pr\u00e9pare le grand Jour du retour du Bien, une \u00ab anarchie ou anarkhia \u00bb d\u2019\u00e2mes libres r\u00e9unies par\u00a0 Le Signe et unie \u00e0 toute l\u2019humanit\u00e9 qui \u0153uvre au d\u00e9veloppement du Bien dans le monde.<\/p>\n<p><!-- \/wp:paragraph --><\/p><\/div>\n\t\t\t\t<\/div>\n\t\t\t\t<\/div>\n\t\t\t\t\t\t<\/div>\n\t\t\t\t\t<\/div>\n\t\t<\/div>\n\t\t\t\t\t\t\t\t<\/div>\n\t\t\t\t\t<\/div>\n\t\t<\/section>\n\t\t\t\t\t\t<\/div>\n\t\t\t\t\t\t<\/div>\n\t\t\t\t\t<\/div>\n\t\t","protected":false},"excerpt":{"rendered":"<p>Les p\u00e8lerins d\u2019Ar\u00e8s La V\u00e9rit\u00e9, c\u2019est que le monde doit changer (28\/7), dit Le Signe. A ce changement, un P\u00e8lerin d\u2019Ar\u00e8s apporte une contribution\u00a0 sp\u00e9cifique sous la forme d\u2019une action simultan\u00e9e sur soi et sur le monde : action sur soi par la p\u00e9nitence*, action sur le monde par la moisson*. *p\u00e9nitence: n&#8217;a pas ici [&hellip;]<\/p>\n","protected":false},"author":1,"featured_media":0,"parent":0,"menu_order":0,"comment_status":"closed","ping_status":"closed","template":"","meta":[],"yoast_head":"<!-- This site is optimized with the Yoast SEO plugin v15.0 - https:\/\/yoast.com\/wordpress\/plugins\/seo\/ -->\n<meta name=\"robots\" content=\"index, follow, max-snippet:-1, max-image-preview:large, max-video-preview:-1\" \/>\n<link rel=\"canonical\" href=\"https:\/\/www.eaubleue-lorient.info\/index.php\/croyants-libres\/\" \/>\n<meta property=\"og:locale\" content=\"fr_FR\" \/>\n<meta property=\"og:type\" content=\"article\" \/>\n<meta property=\"og:title\" content=\"Croyants libres - Eau Bleue Lorient\" \/>\n<meta property=\"og:description\" content=\"Les p\u00e8lerins d\u2019Ar\u00e8s La V\u00e9rit\u00e9, c\u2019est que le monde doit changer (28\/7), dit Le Signe. A ce changement, un P\u00e8lerin d\u2019Ar\u00e8s apporte une contribution\u00a0 sp\u00e9cifique sous la forme d\u2019une action simultan\u00e9e sur soi et sur le monde : action sur soi par la p\u00e9nitence*, action sur le monde par la moisson*. *p\u00e9nitence: n&#8217;a pas ici [&hellip;]\" \/>\n<meta property=\"og:url\" content=\"https:\/\/www.eaubleue-lorient.info\/index.php\/croyants-libres\/\" \/>\n<meta property=\"og:site_name\" content=\"Eau Bleue Lorient\" \/>\n<meta property=\"article:modified_time\" content=\"2024-10-10T19:13:32+00:00\" \/>\n<meta name=\"twitter:card\" content=\"summary_large_image\" \/>\n<script type=\"application\/ld+json\" class=\"yoast-schema-graph\">{\"@context\":\"https:\/\/schema.org\",\"@graph\":[{\"@type\":\"WebSite\",\"@id\":\"https:\/\/www.eaubleue-lorient.info\/#website\",\"url\":\"https:\/\/www.eaubleue-lorient.info\/\",\"name\":\"Eau Bleue Lorient\",\"description\":\"\",\"potentialAction\":[{\"@type\":\"SearchAction\",\"target\":\"https:\/\/www.eaubleue-lorient.info\/?s={search_term_string}\",\"query-input\":\"required name=search_term_string\"}],\"inLanguage\":\"fr-FR\"},{\"@type\":\"WebPage\",\"@id\":\"https:\/\/www.eaubleue-lorient.info\/index.php\/croyants-libres\/#webpage\",\"url\":\"https:\/\/www.eaubleue-lorient.info\/index.php\/croyants-libres\/\",\"name\":\"Croyants libres - Eau Bleue Lorient\",\"isPartOf\":{\"@id\":\"https:\/\/www.eaubleue-lorient.info\/#website\"},\"datePublished\":\"2020-05-10T17:24:48+00:00\",\"dateModified\":\"2024-10-10T19:13:32+00:00\",\"inLanguage\":\"fr-FR\",\"potentialAction\":[{\"@type\":\"ReadAction\",\"target\":[\"https:\/\/www.eaubleue-lorient.info\/index.php\/croyants-libres\/\"]}]}]}<\/script>\n<!-- \/ Yoast SEO plugin. -->","_links":{"self":[{"href":"https:\/\/www.eaubleue-lorient.info\/index.php\/wp-json\/wp\/v2\/pages\/212"}],"collection":[{"href":"https:\/\/www.eaubleue-lorient.info\/index.php\/wp-json\/wp\/v2\/pages"}],"about":[{"href":"https:\/\/www.eaubleue-lorient.info\/index.php\/wp-json\/wp\/v2\/types\/page"}],"author":[{"embeddable":true,"href":"https:\/\/www.eaubleue-lorient.info\/index.php\/wp-json\/wp\/v2\/users\/1"}],"replies":[{"embeddable":true,"href":"https:\/\/www.eaubleue-lorient.info\/index.php\/wp-json\/wp\/v2\/comments?post=212"}],"version-history":[{"count":26,"href":"https:\/\/www.eaubleue-lorient.info\/index.php\/wp-json\/wp\/v2\/pages\/212\/revisions"}],"predecessor-version":[{"id":1212,"href":"https:\/\/www.eaubleue-lorient.info\/index.php\/wp-json\/wp\/v2\/pages\/212\/revisions\/1212"}],"wp:attachment":[{"href":"https:\/\/www.eaubleue-lorient.info\/index.php\/wp-json\/wp\/v2\/media?parent=212"}],"curies":[{"name":"wp","href":"https:\/\/api.w.org\/{rel}","templated":true}]}}