{"id":214,"date":"2020-05-10T19:25:59","date_gmt":"2020-05-10T17:25:59","guid":{"rendered":"http:\/\/www.eaubleue-amor.info\/?page_id=214"},"modified":"2024-10-10T21:15:43","modified_gmt":"2024-10-10T19:15:43","slug":"penitents-moissonneurs","status":"publish","type":"page","link":"https:\/\/www.eaubleue-lorient.info\/index.php\/penitents-moissonneurs\/","title":{"rendered":"P\u00e9nitents- moissonneurs"},"content":{"rendered":"\t\t<div data-elementor-type=\"wp-page\" data-elementor-id=\"214\" class=\"elementor elementor-214\" data-elementor-settings=\"[]\">\n\t\t\t\t\t\t<div class=\"elementor-inner\">\n\t\t\t\t\t\t\t<div class=\"elementor-section-wrap\">\n\t\t\t\t\t\t\t<section class=\"elementor-section elementor-top-section elementor-element elementor-element-556b4954 elementor-section-boxed elementor-section-height-default elementor-section-height-default\" data-id=\"556b4954\" data-element_type=\"section\">\n\t\t\t\t\t\t<div class=\"elementor-container elementor-column-gap-default\">\n\t\t\t\t\t\t\t<div class=\"elementor-row\">\n\t\t\t\t\t<div class=\"elementor-column elementor-col-100 elementor-top-column elementor-element elementor-element-29f6f542\" data-id=\"29f6f542\" data-element_type=\"column\">\n\t\t\t<div class=\"elementor-column-wrap elementor-element-populated\">\n\t\t\t\t\t\t\t<div class=\"elementor-widget-wrap\">\n\t\t\t\t\t\t<div class=\"elementor-element elementor-element-74b4cb01 elementor-widget elementor-widget-text-editor\" data-id=\"74b4cb01\" data-element_type=\"widget\" data-widget_type=\"text-editor.default\">\n\t\t\t\t<div class=\"elementor-widget-container\">\n\t\t\t\t\t<div class=\"elementor-text-editor elementor-clearfix\"><p><!-- wp:paragraph --><\/p>\n<p><strong>Des P\u00e9nitents\u00a0:\u00a0<\/strong><span style=\"font-size: 15px;\">Les p\u00e8lerins d\u2019Ar\u00e8s sont avant tout des p\u00e9nitents. Des hommes qui sont en effort constant de se changer en bien. En s\u2019effor\u00e7ant d\u2019aimer tous les hommes, m\u00eame leurs ennemis comme l&#8217;enseignait J\u00e9sus dans le &#8220;Sermon sur la montagne&#8221; (Matthieu (5-7), de pardonner toutes les offenses, de faire la paix avec tous, de rechercher l\u2019intelligence spirituelle ou intelligence du coeur libre de pr\u00e9jug\u00e9s en toute occasion.\u00a0<\/span><span style=\"font-size: 16px;\">Et cela dans la joie. Veill\u00e9e 30\/11\u00a0\u00ab<em>\u00a0La joie et la parure ne conviennent-elles pas \u00e0 celui qui a chang\u00e9 sa vie\u00a0<\/em>\u00bb<\/span><\/p>\n<p><span style=\"font-size: 16px;\"><img loading=\"lazy\" class=\"alignnone size-medium wp-image-757\" src=\"https:\/\/www.eaubleue-lorient.info\/wp-content\/uploads\/2020\/07\/joyeux-300x199.png\" alt=\"\" width=\"300\" height=\"199\" srcset=\"https:\/\/www.eaubleue-lorient.info\/wp-content\/uploads\/2020\/07\/joyeux-300x199.png 300w, https:\/\/www.eaubleue-lorient.info\/wp-content\/uploads\/2020\/07\/joyeux.png 495w\" sizes=\"(max-width: 300px) 100vw, 300px\" \/><\/span><\/p>\n<p><!-- \/wp:paragraph --><\/p>\n<p><!-- wp:paragraph --><\/p>\n<p>Les p\u00e8lerins d\u2019Ar\u00e8s prient dans la Bible , le Coran et <strong>Le Signe<\/strong>. Mais pour eux la pri\u00e8re n\u2019est pas une demande ou une supplication, c\u2019est prononcer la Parole du Cr\u00e9ateur pour l\u2019accomplir.<strong> Le Signe<\/strong> \u00e9claire les \u00e9crits pr\u00e9c\u00e9dents que sont la Bible et le Coran dans lesquels figurent de nombreux \u00e9crits d\u2019hommes qui en d\u00e9forment le sens premier. La Parole est avant tout un enseignement qui aide l\u2019homme dans sa p\u00e9nitence pour retrouver l\u2019image et ressemblance du P\u00e8re. Pour eux la Parole ne fonde pas de religion, au contraire ils voient dans la Parole un appel \u00e0 la lib\u00e9ration spirituelle, au respect de tous, au pardon, \u00e0 l\u2019apaisement et l\u2019effacement de tout ce qui divise les hommes.<\/p>\n<p><!-- \/wp:paragraph --><\/p>\n<p><!-- wp:image {\"id\":287,\"sizeSlug\":\"large\"} --><\/p>\n<figure><img src=\"http:\/\/www.eaubleue-amor.info\/wp-content\/uploads\/2020\/05\/priere-revelation-ares-paris.jpg\" alt=\"\" \/><\/figure>\n<p><!-- \/wp:image --><\/p>\n<p><!-- wp:paragraph --><\/p>\n<p><strong>Des moissonneurs :<\/strong><\/p>\n<p><img loading=\"lazy\" class=\"alignnone size-medium wp-image-1127\" src=\"https:\/\/www.eaubleue-lorient.info\/wp-content\/uploads\/2024\/09\/Mission-NussMorales-225x300.png\" alt=\"\" width=\"225\" height=\"300\" srcset=\"https:\/\/www.eaubleue-lorient.info\/wp-content\/uploads\/2024\/09\/Mission-NussMorales-225x300.png 225w, https:\/\/www.eaubleue-lorient.info\/wp-content\/uploads\/2024\/09\/Mission-NussMorales-624x832.png 624w, https:\/\/www.eaubleue-lorient.info\/wp-content\/uploads\/2024\/09\/Mission-NussMorales.png 700w\" sizes=\"(max-width: 225px) 100vw, 225px\" \/><\/p>\n<p>\u00a0<\/p>\n<p><!-- \/wp:paragraph --><\/p>\n<p><!-- wp:paragraph --><\/p>\n<p>Pour que le monde change , il faut un grand nombre de p\u00e9nitents aussi les p\u00e8lerins d\u2019Ar\u00e8s participent \u00e0 la moisson des p\u00e9nitents\u00a0. Ils ne cherchent pas \u00e0 convaincre mais \u00e0 rassembler les hommes d\u00e9j\u00e0 convaincus dans leur coeur de la n\u00e9cessit\u00e9 de devenir bons.<\/p>\n<p><!-- \/wp:paragraph --><\/p>\n<p><!-- wp:paragraph --><\/p>\n<p>\u00a0<\/p>\n<p>Pour changer le monde l\u2019entraide est n\u00e9cessaire mais dans la libert\u00e9 . Aussi, les p\u00e8lerins d\u2019Ar\u00e8s n\u2019ont ni chefs, ni r\u00e8gles, ni dogmes, ni lois mais uniquement leur conscience comme guide. Ils forment une\u00a0<span style=\"font-size: 15px;\">anarkhia*<\/span>\u00a0de p\u00e9nitents pacifiques , leur seule arme\u00a0: l&#8217;amour de tous les humains.\u00a0<\/p>\n<p><span style=\"font-size: 15px;\">\u00a0(*anarkhia (grec \u1f00\u03bd\u03b1\u03c1\u03c7\u03af\u03b1)\u00a0: soci\u00e9t\u00e9 organis\u00e9e et g\u00e9r\u00e9e sans chef o\u00f9 nul ne pr\u00e9tend avoir un pouvoir sur l\u2019autre.)<\/span><\/p>\n<p><!-- \/wp:paragraph --><\/p>\n<p><!-- wp:paragraph --><\/p>\n<p>Ci-dessous un lien vers &#8220;L&#8217;\u00eele Bleue &#8221; qui contient des t\u00e9moignages vid\u00e9os de p\u00e8lerins d&#8217;Ar\u00e8s.<\/p>\n<p><!-- \/wp:paragraph --><\/p>\n<p><!-- wp:paragraph --><\/p>\n<p><a href=\"https:\/\/www.youtube.com\/channel\/UCdxToFTVYaxsTgYonbAOJhA\" target=\"_blank\" rel=\"noopener\">https:\/\/www.youtube.com\/channel\/UCdxToFTVYaxsTgYonbAOJhA<\/a><\/p>\n<p><!-- \/wp:paragraph --><\/p><\/div>\n\t\t\t\t<\/div>\n\t\t\t\t<\/div>\n\t\t\t\t\t\t<\/div>\n\t\t\t\t\t<\/div>\n\t\t<\/div>\n\t\t\t\t\t\t\t\t<\/div>\n\t\t\t\t\t<\/div>\n\t\t<\/section>\n\t\t\t\t\t\t<\/div>\n\t\t\t\t\t\t<\/div>\n\t\t\t\t\t<\/div>\n\t\t","protected":false},"excerpt":{"rendered":"<p>Des P\u00e9nitents\u00a0:\u00a0Les p\u00e8lerins d\u2019Ar\u00e8s sont avant tout des p\u00e9nitents. Des hommes qui sont en effort constant de se changer en bien. En s\u2019effor\u00e7ant d\u2019aimer tous les hommes, m\u00eame leurs ennemis comme l&#8217;enseignait J\u00e9sus dans le &#8220;Sermon sur la montagne&#8221; (Matthieu (5-7), de pardonner toutes les offenses, de faire la paix avec tous, de rechercher l\u2019intelligence [&hellip;]<\/p>\n","protected":false},"author":1,"featured_media":0,"parent":0,"menu_order":0,"comment_status":"closed","ping_status":"closed","template":"","meta":[],"yoast_head":"<!-- This site is optimized with the Yoast SEO plugin v15.0 - https:\/\/yoast.com\/wordpress\/plugins\/seo\/ -->\n<meta name=\"robots\" content=\"index, follow, max-snippet:-1, max-image-preview:large, max-video-preview:-1\" \/>\n<link rel=\"canonical\" href=\"https:\/\/www.eaubleue-lorient.info\/index.php\/penitents-moissonneurs\/\" \/>\n<meta property=\"og:locale\" content=\"fr_FR\" \/>\n<meta property=\"og:type\" content=\"article\" \/>\n<meta property=\"og:title\" content=\"P\u00e9nitents- moissonneurs - Eau Bleue Lorient\" \/>\n<meta property=\"og:description\" content=\"Des P\u00e9nitents\u00a0:\u00a0Les p\u00e8lerins d\u2019Ar\u00e8s sont avant tout des p\u00e9nitents. Des hommes qui sont en effort constant de se changer en bien. En s\u2019effor\u00e7ant d\u2019aimer tous les hommes, m\u00eame leurs ennemis comme l&#8217;enseignait J\u00e9sus dans le &#8220;Sermon sur la montagne&#8221; (Matthieu (5-7), de pardonner toutes les offenses, de faire la paix avec tous, de rechercher l\u2019intelligence [&hellip;]\" \/>\n<meta property=\"og:url\" content=\"https:\/\/www.eaubleue-lorient.info\/index.php\/penitents-moissonneurs\/\" \/>\n<meta property=\"og:site_name\" content=\"Eau Bleue Lorient\" \/>\n<meta property=\"article:modified_time\" content=\"2024-10-10T19:15:43+00:00\" \/>\n<meta property=\"og:image\" content=\"https:\/\/www.eaubleue-lorient.info\/wp-content\/uploads\/2020\/07\/joyeux-300x199.png\" \/>\n<meta name=\"twitter:card\" content=\"summary_large_image\" \/>\n<script type=\"application\/ld+json\" class=\"yoast-schema-graph\">{\"@context\":\"https:\/\/schema.org\",\"@graph\":[{\"@type\":\"WebSite\",\"@id\":\"https:\/\/www.eaubleue-lorient.info\/#website\",\"url\":\"https:\/\/www.eaubleue-lorient.info\/\",\"name\":\"Eau Bleue Lorient\",\"description\":\"\",\"potentialAction\":[{\"@type\":\"SearchAction\",\"target\":\"https:\/\/www.eaubleue-lorient.info\/?s={search_term_string}\",\"query-input\":\"required name=search_term_string\"}],\"inLanguage\":\"fr-FR\"},{\"@type\":\"ImageObject\",\"@id\":\"https:\/\/www.eaubleue-lorient.info\/index.php\/penitents-moissonneurs\/#primaryimage\",\"inLanguage\":\"fr-FR\",\"url\":\"https:\/\/www.eaubleue-lorient.info\/wp-content\/uploads\/2020\/07\/joyeux.png\",\"width\":495,\"height\":329},{\"@type\":\"WebPage\",\"@id\":\"https:\/\/www.eaubleue-lorient.info\/index.php\/penitents-moissonneurs\/#webpage\",\"url\":\"https:\/\/www.eaubleue-lorient.info\/index.php\/penitents-moissonneurs\/\",\"name\":\"P\\u00e9nitents- moissonneurs - Eau Bleue Lorient\",\"isPartOf\":{\"@id\":\"https:\/\/www.eaubleue-lorient.info\/#website\"},\"primaryImageOfPage\":{\"@id\":\"https:\/\/www.eaubleue-lorient.info\/index.php\/penitents-moissonneurs\/#primaryimage\"},\"datePublished\":\"2020-05-10T17:25:59+00:00\",\"dateModified\":\"2024-10-10T19:15:43+00:00\",\"inLanguage\":\"fr-FR\",\"potentialAction\":[{\"@type\":\"ReadAction\",\"target\":[\"https:\/\/www.eaubleue-lorient.info\/index.php\/penitents-moissonneurs\/\"]}]}]}<\/script>\n<!-- \/ Yoast SEO plugin. -->","_links":{"self":[{"href":"https:\/\/www.eaubleue-lorient.info\/index.php\/wp-json\/wp\/v2\/pages\/214"}],"collection":[{"href":"https:\/\/www.eaubleue-lorient.info\/index.php\/wp-json\/wp\/v2\/pages"}],"about":[{"href":"https:\/\/www.eaubleue-lorient.info\/index.php\/wp-json\/wp\/v2\/types\/page"}],"author":[{"embeddable":true,"href":"https:\/\/www.eaubleue-lorient.info\/index.php\/wp-json\/wp\/v2\/users\/1"}],"replies":[{"embeddable":true,"href":"https:\/\/www.eaubleue-lorient.info\/index.php\/wp-json\/wp\/v2\/comments?post=214"}],"version-history":[{"count":25,"href":"https:\/\/www.eaubleue-lorient.info\/index.php\/wp-json\/wp\/v2\/pages\/214\/revisions"}],"predecessor-version":[{"id":1214,"href":"https:\/\/www.eaubleue-lorient.info\/index.php\/wp-json\/wp\/v2\/pages\/214\/revisions\/1214"}],"wp:attachment":[{"href":"https:\/\/www.eaubleue-lorient.info\/index.php\/wp-json\/wp\/v2\/media?parent=214"}],"curies":[{"name":"wp","href":"https:\/\/api.w.org\/{rel}","templated":true}]}}