{"id":230,"date":"2020-05-10T19:40:45","date_gmt":"2020-05-10T17:40:45","guid":{"rendered":"http:\/\/www.eaubleue-amor.info\/?page_id=230"},"modified":"2024-09-03T19:02:55","modified_gmt":"2024-09-03T17:02:55","slug":"depuis-1986","status":"publish","type":"page","link":"https:\/\/www.eaubleue-lorient.info\/index.php\/depuis-1986\/","title":{"rendered":"Depuis 1986"},"content":{"rendered":"\t\t<div data-elementor-type=\"wp-page\" data-elementor-id=\"230\" class=\"elementor elementor-230\" data-elementor-settings=\"[]\">\n\t\t\t\t\t\t<div class=\"elementor-inner\">\n\t\t\t\t\t\t\t<div class=\"elementor-section-wrap\">\n\t\t\t\t\t\t\t<section class=\"elementor-section elementor-top-section elementor-element elementor-element-3f9844d0 elementor-section-boxed elementor-section-height-default elementor-section-height-default\" data-id=\"3f9844d0\" data-element_type=\"section\">\n\t\t\t\t\t\t<div class=\"elementor-container elementor-column-gap-default\">\n\t\t\t\t\t\t\t<div class=\"elementor-row\">\n\t\t\t\t\t<div class=\"elementor-column elementor-col-100 elementor-top-column elementor-element elementor-element-4427b990\" data-id=\"4427b990\" data-element_type=\"column\">\n\t\t\t<div class=\"elementor-column-wrap elementor-element-populated\">\n\t\t\t\t\t\t\t<div class=\"elementor-widget-wrap\">\n\t\t\t\t\t\t<div class=\"elementor-element elementor-element-7a926026 elementor-widget elementor-widget-text-editor\" data-id=\"7a926026\" data-element_type=\"widget\" data-widget_type=\"text-editor.default\">\n\t\t\t\t<div class=\"elementor-widget-container\">\n\t\t\t\t\t<div class=\"elementor-text-editor elementor-clearfix\"><p><strong>A Lorient&nbsp;: une assembl\u00e9e depuis 1986&nbsp;:<\/strong><\/p>\n<p><!-- \/wp:paragraph --><\/p>\n<p><!-- wp:paragraph --><\/p>\n<p>Au d\u00e9but les p\u00e8lerins d\u2019Ar\u00e8s de l&#8217;assembl\u00e9e de Lorient se rencontraient chez les uns et les autres \u00e0 tour de r\u00f4le. Ensuite, ils ont lou\u00e9 une fois par mois une salle dans un h\u00f4tel o\u00f9 ils projetaient \u00ab&nbsp;la voix de fer&nbsp;\u00bb une vid\u00e9o r\u00e9alis\u00e9e par David Nieman \u2013 C\u2019est une interview du fr\u00e8re Michel sur le lieu des \u00e9v\u00e8nements&nbsp; \u00e0 Ar\u00e8s-. Puis en 1990 ils ont lou\u00e9 un local qu&#8217;ils ont appel\u00e9 \u00abUnis vers&nbsp;\u00bb dans une petite cour un peu en retrait de la rue Mal Foch.<\/p>\n<p><img loading=\"lazy\" class=\"alignleft wp-image-699 size-large\" src=\"http:\/\/www.eaubleue-amor.info\/wp-content\/uploads\/2020\/07\/moisson-local1-1024x640.jpg\" alt=\"\" width=\"625\" height=\"391\" srcset=\"https:\/\/www.eaubleue-lorient.info\/wp-content\/uploads\/2020\/07\/moisson-local1-1024x640.jpg 1024w, https:\/\/www.eaubleue-lorient.info\/wp-content\/uploads\/2020\/07\/moisson-local1-300x187.jpg 300w, https:\/\/www.eaubleue-lorient.info\/wp-content\/uploads\/2020\/07\/moisson-local1-768x480.jpg 768w, https:\/\/www.eaubleue-lorient.info\/wp-content\/uploads\/2020\/07\/moisson-local1-1536x960.jpg 1536w, https:\/\/www.eaubleue-lorient.info\/wp-content\/uploads\/2020\/07\/moisson-local1-2048x1280.jpg 2048w, https:\/\/www.eaubleue-lorient.info\/wp-content\/uploads\/2020\/07\/moisson-local1-624x390.jpg 624w\" sizes=\"(max-width: 625px) 100vw, 625px\" \/><\/p>\n<p>Puis l\u2019assembl\u00e9e grandissant en nombre, force et conscience, en 2000, ils&nbsp; ont achet\u00e9 leur local actuel \u00ab&nbsp;l\u2019Eau Bleue&nbsp;\u00bb situ\u00e9 au centre de Lorient au 61 rue du Port. En 2010, ils ont effectu\u00e9 des travaux pour le moderniser. Ils forment une assembl\u00e9e de p\u00e9nitents moissonneurs. Ils n\u2019ont ni chef, ni hi\u00e9rarchie, ni lois, ils r\u00e9ussissent \u00e0 trouver l\u2019unit\u00e9 gr\u00e2ce aux efforts de p\u00e9nitence de chacun, notamment de pardon. Ils sont tous diff\u00e9rents mais compl\u00e9mentaires et chacun apporte aux autres en fonction de ses talents. Leur ciment c&#8217;est l&#8217;amour fraternel et non&nbsp; des r\u00e8gles et des lois . Ce&nbsp; sont des consciences libres qui oeuvrent avec d\u2019autres consciences libres (qui partagent leurs valeurs) pour le changement du monde et le bonheur des humains.&nbsp;<\/p>\n<p><img loading=\"lazy\" class=\"aligncenter wp-image-697 size-large\" src=\"http:\/\/www.eaubleue-amor.info\/wp-content\/uploads\/2020\/07\/moisson-local-2-1024x768.jpg\" alt=\"\" width=\"625\" height=\"469\" srcset=\"https:\/\/www.eaubleue-lorient.info\/wp-content\/uploads\/2020\/07\/moisson-local-2-1024x768.jpg 1024w, https:\/\/www.eaubleue-lorient.info\/wp-content\/uploads\/2020\/07\/moisson-local-2-300x225.jpg 300w, https:\/\/www.eaubleue-lorient.info\/wp-content\/uploads\/2020\/07\/moisson-local-2-768x576.jpg 768w, https:\/\/www.eaubleue-lorient.info\/wp-content\/uploads\/2020\/07\/moisson-local-2-1536x1152.jpg 1536w, https:\/\/www.eaubleue-lorient.info\/wp-content\/uploads\/2020\/07\/moisson-local-2-2048x1536.jpg 2048w, https:\/\/www.eaubleue-lorient.info\/wp-content\/uploads\/2020\/07\/moisson-local-2-624x468.jpg 624w\" sizes=\"(max-width: 625px) 100vw, 625px\" \/><\/p>\n<p><!-- \/wp:paragraph --><\/p>\n<p><!-- wp:paragraph --><\/p>\n<p><!-- \/wp:paragraph --><\/p>\n<p><!-- wp:paragraph --><\/p>\n<p>L\u2019apprentissage de la libert\u00e9 se fait peu \u00e0 peu car nous avons \u00e9t\u00e9 \u00e9duqu\u00e9s&nbsp; \u00e0 ob\u00e9ir ou \u00e0 commander mais pas \u00e0 travailler d\u2019\u00e9gal \u00e0 \u00e9gal. L&#8217; assembl\u00e9e exp\u00e9rimente diverses solutions pour oeuvrer \u00e0 la moisson, et actuellement elle est&nbsp; divis\u00e9e en 4 groupes de 8 qui se relaient \u00e0 l\u2019Eau Bleue pour les permanences et la moisson. Cette organisation en petits groupes de travail est plus efficace, car chacun peut plus facilement s\u2019exprimer et cr\u00e9er. Ce qui est beaucoup plus difficile dans un groupe trop nombreux.<\/p>\n<p><img loading=\"lazy\" class=\"alignnone wp-image-700 size-large\" src=\"http:\/\/www.eaubleue-amor.info\/wp-content\/uploads\/2020\/07\/IMG_20181105_162047-1024x768.jpg\" alt=\"\" width=\"625\" height=\"469\" srcset=\"https:\/\/www.eaubleue-lorient.info\/wp-content\/uploads\/2020\/07\/IMG_20181105_162047-1024x768.jpg 1024w, https:\/\/www.eaubleue-lorient.info\/wp-content\/uploads\/2020\/07\/IMG_20181105_162047-300x225.jpg 300w, https:\/\/www.eaubleue-lorient.info\/wp-content\/uploads\/2020\/07\/IMG_20181105_162047-768x576.jpg 768w, https:\/\/www.eaubleue-lorient.info\/wp-content\/uploads\/2020\/07\/IMG_20181105_162047-1536x1152.jpg 1536w, https:\/\/www.eaubleue-lorient.info\/wp-content\/uploads\/2020\/07\/IMG_20181105_162047-2048x1536.jpg 2048w, https:\/\/www.eaubleue-lorient.info\/wp-content\/uploads\/2020\/07\/IMG_20181105_162047-624x468.jpg 624w\" sizes=\"(max-width: 625px) 100vw, 625px\" \/><\/p>\n<p><!-- \/wp:paragraph --><\/p><\/div>\n\t\t\t\t<\/div>\n\t\t\t\t<\/div>\n\t\t\t\t\t\t<\/div>\n\t\t\t\t\t<\/div>\n\t\t<\/div>\n\t\t\t\t\t\t\t\t<\/div>\n\t\t\t\t\t<\/div>\n\t\t<\/section>\n\t\t\t\t\t\t<\/div>\n\t\t\t\t\t\t<\/div>\n\t\t\t\t\t<\/div>\n\t\t","protected":false},"excerpt":{"rendered":"<p>A Lorient&nbsp;: une assembl\u00e9e depuis 1986&nbsp;: Au d\u00e9but les p\u00e8lerins d\u2019Ar\u00e8s de l&#8217;assembl\u00e9e de Lorient se rencontraient chez les uns et les autres \u00e0 tour de r\u00f4le. Ensuite, ils ont lou\u00e9 une fois par mois une salle dans un h\u00f4tel o\u00f9 ils projetaient \u00ab&nbsp;la voix de fer&nbsp;\u00bb une vid\u00e9o r\u00e9alis\u00e9e par David Nieman \u2013 C\u2019est [&hellip;]<\/p>\n","protected":false},"author":1,"featured_media":0,"parent":0,"menu_order":0,"comment_status":"closed","ping_status":"closed","template":"","meta":[],"yoast_head":"<!-- This site is optimized with the Yoast SEO plugin v15.0 - https:\/\/yoast.com\/wordpress\/plugins\/seo\/ -->\n<meta name=\"robots\" content=\"index, follow, max-snippet:-1, max-image-preview:large, max-video-preview:-1\" \/>\n<link rel=\"canonical\" href=\"https:\/\/www.eaubleue-lorient.info\/index.php\/depuis-1986\/\" \/>\n<meta property=\"og:locale\" content=\"fr_FR\" \/>\n<meta property=\"og:type\" content=\"article\" \/>\n<meta property=\"og:title\" content=\"Depuis 1986 - Eau Bleue Lorient\" \/>\n<meta property=\"og:description\" content=\"A Lorient&nbsp;: une assembl\u00e9e depuis 1986&nbsp;: Au d\u00e9but les p\u00e8lerins d\u2019Ar\u00e8s de l&#8217;assembl\u00e9e de Lorient se rencontraient chez les uns et les autres \u00e0 tour de r\u00f4le. Ensuite, ils ont lou\u00e9 une fois par mois une salle dans un h\u00f4tel o\u00f9 ils projetaient \u00ab&nbsp;la voix de fer&nbsp;\u00bb une vid\u00e9o r\u00e9alis\u00e9e par David Nieman \u2013 C\u2019est [&hellip;]\" \/>\n<meta property=\"og:url\" content=\"https:\/\/www.eaubleue-lorient.info\/index.php\/depuis-1986\/\" \/>\n<meta property=\"og:site_name\" content=\"Eau Bleue Lorient\" \/>\n<meta property=\"article:modified_time\" content=\"2024-09-03T17:02:55+00:00\" \/>\n<meta property=\"og:image\" content=\"http:\/\/www.eaubleue-amor.info\/wp-content\/uploads\/2020\/07\/moisson-local1-1024x640.jpg\" \/>\n<meta name=\"twitter:card\" content=\"summary_large_image\" \/>\n<script type=\"application\/ld+json\" class=\"yoast-schema-graph\">{\"@context\":\"https:\/\/schema.org\",\"@graph\":[{\"@type\":\"WebSite\",\"@id\":\"https:\/\/www.eaubleue-lorient.info\/#website\",\"url\":\"https:\/\/www.eaubleue-lorient.info\/\",\"name\":\"Eau Bleue Lorient\",\"description\":\"\",\"potentialAction\":[{\"@type\":\"SearchAction\",\"target\":\"https:\/\/www.eaubleue-lorient.info\/?s={search_term_string}\",\"query-input\":\"required name=search_term_string\"}],\"inLanguage\":\"fr-FR\"},{\"@type\":\"ImageObject\",\"@id\":\"https:\/\/www.eaubleue-lorient.info\/index.php\/depuis-1986\/#primaryimage\",\"inLanguage\":\"fr-FR\",\"url\":\"http:\/\/www.eaubleue-amor.info\/wp-content\/uploads\/2020\/07\/moisson-local1-1024x640.jpg\"},{\"@type\":\"WebPage\",\"@id\":\"https:\/\/www.eaubleue-lorient.info\/index.php\/depuis-1986\/#webpage\",\"url\":\"https:\/\/www.eaubleue-lorient.info\/index.php\/depuis-1986\/\",\"name\":\"Depuis 1986 - Eau Bleue Lorient\",\"isPartOf\":{\"@id\":\"https:\/\/www.eaubleue-lorient.info\/#website\"},\"primaryImageOfPage\":{\"@id\":\"https:\/\/www.eaubleue-lorient.info\/index.php\/depuis-1986\/#primaryimage\"},\"datePublished\":\"2020-05-10T17:40:45+00:00\",\"dateModified\":\"2024-09-03T17:02:55+00:00\",\"inLanguage\":\"fr-FR\",\"potentialAction\":[{\"@type\":\"ReadAction\",\"target\":[\"https:\/\/www.eaubleue-lorient.info\/index.php\/depuis-1986\/\"]}]}]}<\/script>\n<!-- \/ Yoast SEO plugin. -->","_links":{"self":[{"href":"https:\/\/www.eaubleue-lorient.info\/index.php\/wp-json\/wp\/v2\/pages\/230"}],"collection":[{"href":"https:\/\/www.eaubleue-lorient.info\/index.php\/wp-json\/wp\/v2\/pages"}],"about":[{"href":"https:\/\/www.eaubleue-lorient.info\/index.php\/wp-json\/wp\/v2\/types\/page"}],"author":[{"embeddable":true,"href":"https:\/\/www.eaubleue-lorient.info\/index.php\/wp-json\/wp\/v2\/users\/1"}],"replies":[{"embeddable":true,"href":"https:\/\/www.eaubleue-lorient.info\/index.php\/wp-json\/wp\/v2\/comments?post=230"}],"version-history":[{"count":13,"href":"https:\/\/www.eaubleue-lorient.info\/index.php\/wp-json\/wp\/v2\/pages\/230\/revisions"}],"predecessor-version":[{"id":1098,"href":"https:\/\/www.eaubleue-lorient.info\/index.php\/wp-json\/wp\/v2\/pages\/230\/revisions\/1098"}],"wp:attachment":[{"href":"https:\/\/www.eaubleue-lorient.info\/index.php\/wp-json\/wp\/v2\/media?parent=230"}],"curies":[{"name":"wp","href":"https:\/\/api.w.org\/{rel}","templated":true}]}}